{"id":243,"date":"2022-12-05T20:26:51","date_gmt":"2022-12-05T19:26:51","guid":{"rendered":"https:\/\/geschichtswerkstatt-mergentheim.de\/?page_id=243"},"modified":"2022-12-05T20:36:36","modified_gmt":"2022-12-05T19:36:36","slug":"vereine-frueher-und-heute-a-k","status":"publish","type":"page","link":"https:\/\/geschichtswerkstatt-mergentheim.de\/?page_id=243","title":{"rendered":"Vereine fr\u00fcher und heute (A-K)"},"content":{"rendered":"\n<p><\/p>\n\n\n\n<p>Dieser Band pr\u00e4sentiert die gro\u00dfe Vielfalt der Vereine unserer Stadt in Vergangenheit und Gegenwart. Die unerwartete F\u00fclle der sportlichen, musikalischen, sozialen und kulturellen Organisationen war nicht in einem Band unterzubringen. Ein zweiter Teil erscheint daher 2023 als Band 8 Teil 2.<\/p>\n","protected":false},"excerpt":{"rendered":"<p>Dieser Band pr\u00e4sentiert die gro\u00dfe Vielfalt der Vereine unserer Stadt in Vergangenheit und Gegenwart. Die unerwartete F\u00fclle der sportlichen, musikalischen, sozialen und kulturellen Organisationen war nicht in einem Band unterzubringen. Ein zweiter Teil erscheint daher 2023 als Band 8 Teil<\/p>\n","protected":false},"author":1,"featured_media":248,"parent":0,"menu_order":0,"comment_status":"closed","ping_status":"closed","template":"","meta":[],"_links":{"self":[{"href":"https:\/\/geschichtswerkstatt-mergentheim.de\/index.php?rest_route=\/wp\/v2\/pages\/243"}],"collection":[{"href":"https:\/\/geschichtswerkstatt-mergentheim.de\/index.php?rest_route=\/wp\/v2\/pages"}],"about":[{"href":"https:\/\/geschichtswerkstatt-mergentheim.de\/index.php?rest_route=\/wp\/v2\/types\/page"}],"author":[{"embeddable":true,"href":"https:\/\/geschichtswerkstatt-mergentheim.de\/index.php?rest_route=\/wp\/v2\/users\/1"}],"replies":[{"embeddable":true,"href":"https:\/\/geschichtswerkstatt-mergentheim.de\/index.php?rest_route=%2Fwp%2Fv2%2Fcomments&post=243"}],"version-history":[{"count":1,"href":"https:\/\/geschichtswerkstatt-mergentheim.de\/index.php?rest_route=\/wp\/v2\/pages\/243\/revisions"}],"predecessor-version":[{"id":245,"href":"https:\/\/geschichtswerkstatt-mergentheim.de\/index.php?rest_route=\/wp\/v2\/pages\/243\/revisions\/245"}],"wp:featuredmedia":[{"embeddable":true,"href":"https:\/\/geschichtswerkstatt-mergentheim.de\/index.php?rest_route=\/wp\/v2\/media\/248"}],"wp:attachment":[{"href":"https:\/\/geschichtswerkstatt-mergentheim.de\/index.php?rest_route=%2Fwp%2Fv2%2Fmedia&parent=243"}],"curies":[{"name":"wp","href":"https:\/\/api.w.org\/{rel}","templated":true}]}}