{"id":154,"date":"2021-04-19T21:51:55","date_gmt":"2021-04-19T19:51:55","guid":{"rendered":"http:\/\/geschichtswerkstatt.geeez.de\/?page_id=154"},"modified":"2021-04-19T21:52:12","modified_gmt":"2021-04-19T19:52:12","slug":"54-lebensbilder-aus-der-zeit-von-1809-bis-1914","status":"publish","type":"page","link":"https:\/\/geschichtswerkstatt-mergentheim.de\/?page_id=154","title":{"rendered":"54 Lebensbilder aus der Zeit von 1809 bis 1914"},"content":{"rendered":"\n<p>In diesem Band wurden Biografien interessanter Personen aus der Geschichte der Stadt Mergentheim, die in der Zeit zwischen 1809 und 1914 wichtig f\u00fcr das gesellschaftliche Leben der Stadt waren, erstellt. Dazu geh\u00f6ren Ehrenb\u00fcrger, B\u00fcrgermeister, Handwerker, Pfarrer, Rektoren, ein Rabbiner, \u00c4rzte und auch einige Frauen. Aus diesem Grund ist dieser Band sowohl eine kurzweilige Lekt\u00fcre als auch ein spannendes Nachschlagewerk.<\/p>\n\n\n\n<p>Dieser Band ist leider vergriffen.<\/p>\n","protected":false},"excerpt":{"rendered":"<p>In diesem Band wurden Biografien interessanter Personen aus der Geschichte der Stadt Mergentheim, die in der Zeit zwischen 1809 und 1914 wichtig f\u00fcr das gesellschaftliche Leben der Stadt waren, erstellt. Dazu geh\u00f6ren Ehrenb\u00fcrger, B\u00fcrgermeister, Handwerker, Pfarrer, Rektoren, ein Rabbiner, \u00c4rzte<\/p>\n","protected":false},"author":1,"featured_media":0,"parent":0,"menu_order":0,"comment_status":"closed","ping_status":"closed","template":"","meta":[],"_links":{"self":[{"href":"https:\/\/geschichtswerkstatt-mergentheim.de\/index.php?rest_route=\/wp\/v2\/pages\/154"}],"collection":[{"href":"https:\/\/geschichtswerkstatt-mergentheim.de\/index.php?rest_route=\/wp\/v2\/pages"}],"about":[{"href":"https:\/\/geschichtswerkstatt-mergentheim.de\/index.php?rest_route=\/wp\/v2\/types\/page"}],"author":[{"embeddable":true,"href":"https:\/\/geschichtswerkstatt-mergentheim.de\/index.php?rest_route=\/wp\/v2\/users\/1"}],"replies":[{"embeddable":true,"href":"https:\/\/geschichtswerkstatt-mergentheim.de\/index.php?rest_route=%2Fwp%2Fv2%2Fcomments&post=154"}],"version-history":[{"count":2,"href":"https:\/\/geschichtswerkstatt-mergentheim.de\/index.php?rest_route=\/wp\/v2\/pages\/154\/revisions"}],"predecessor-version":[{"id":163,"href":"https:\/\/geschichtswerkstatt-mergentheim.de\/index.php?rest_route=\/wp\/v2\/pages\/154\/revisions\/163"}],"wp:attachment":[{"href":"https:\/\/geschichtswerkstatt-mergentheim.de\/index.php?rest_route=%2Fwp%2Fv2%2Fmedia&parent=154"}],"curies":[{"name":"wp","href":"https:\/\/api.w.org\/{rel}","templated":true}]}}